 (-1)/((-1)/207) - 3. Let v = 379 - x. Let l = v + -78. Is l prime?
True
Suppose r = 4*j - 3*j + 120, 0 = -4*r + 2*j + 478. Suppose r*b - 121*b + 958 = 0. Let u = b + 176. Is u composite?
True
Suppose -41*g + 101784 = -37*g. Let r = g - 52. Is r a composite number?
True
Suppose 13*l - 6*l - 28 = 0. Is ((-32474)/8 + -4)/((-1)/l) a prime number?
True
Suppose 5239 = 4*n + 4*m - 4929, -4*n + 10180 = -2*m. Let c = -1801 + n. Is c a prime number?
True
Suppose 0*o + 4*l + 84548 = -2*o, l = 4*o + 169078. Let w be o/(-12) - (-6)/(-4). Let f = 5248 - w. Is f composite?
True
Let y(s) = 9*s**2 + 3*s - 19. Let p(l) = l**2 - 4*l - 2. Let x be p(5). Suppose -5*q = -z + 20, 0 = -3*q + x*z + 2*z + 10. Is y(q) composite?
False
Suppose -u + 6*u + 21 = -4*y, 3*y + 5*u = -17. Let s be 5 + (y - 12/(-3)). Suppose 5*c + s = 3160. Is c prime?
True
Suppose 2*g = 3*k + 15, -5*k = -k + 12. Suppose -q - g = 0, 2156 = j + 5*q - 251. Let i = j - 623. Is i a composite number?
True
Is (31/(-217))/((-6414600)/(-6414604) + -1) prime?
True
Suppose -15*k + 9481 = -14*k. Suppose 0*h - k = -4*h + 3*j, 5*j - 2376 = -h. Is h prime?
True
Let b = -5980 + 8043. Is b a prime number?
True
Let w(j) = 13*j - 4. Let p(o) = 15*o - 3. Let u(g) = 5*p(g) - 6*w(g). Let q be u(3). Suppose 5*v + 3*f - 791 = q, 0*f + f = -v + 159. Is v prime?
True
Let o be 313 + -311 + -6*2. Let f(g) = 66*g**3 - g**2 + g - 1. Let b be f(-2). Is (36/o + 3)*b a composite number?
True
Suppose -18*w - 14*w + 56000511 = -5*w. Is w prime?
False
Suppose 2 - 18 = 2*n. Let t(z) = 4. Let w(k) = 2*k**2 + k + 61. Let v(y) = -8*t(y) + w(y). Is v(n) a composite number?
False
Let n(f) = 126*f**2 - 2*f - 3. Let i be n(4). Let h = 3570 - i. Is h composite?
True
Suppose 6*m + 999 + 3015 = 0. Let g = m - -2030. Is g composite?
False
Suppose -u - 2*u + 14 = 2*q, -5 = -5*q. Suppose 4*c + c = -3*k + 5869, u*c = -k + 1961. Suppose 0 = r - l - k, -2*r = 4*l + 836 - 4718. Is r a composite number?
False
Let n(i) = -i**3 + 4*i**2 + 14923. Is n(0) composite?
False
Suppose -4*i + 5*d = -88786, -25*d = -22*d + 18. Is i a composite number?
False
Let f(u) = u**3 - 14*u**2 + 9*u - 6. Let i be f(13). Let y = i - -53. Is -5*(y - (-2 + 56)) prime?
False
Let t = 246 + -243. Suppose -13*x + 10*x - 8230 = -2*n, 0 = -t*x - 12. Is n prime?
False
Is (-19320 + -2)*(-4)/(-8)*-1 composite?
False
Suppose -4*z - 4*w = -40, 7 + 13 = 4*w. Suppose -z*y + 25871 = -10614. Is y prime?
True
Suppose v - 2*v + 2*w - 16 = 0, -3*w + 49 = -4*v. Is 8/12*(3 - 262785/v) prime?
False
Suppose -80 = -6*i + 4*i. Let k be 5/(i/12)*(-2284)/(-3). Suppose 4*w - 3*d - 4941 = -k, d = -2*w + 1897. Is w a prime number?
False
Let c = -153 + -286. Let h = 650 + c. Is h a prime number?
True
Suppose -39630145 = -327*u + 47596429 - 20688941. Is u a prime number?
False
Let n = -1646 - -2523. Suppose 13*w - 624 = 12*w. Let j = n - w. Is j a prime number?
False
Is (-116 - -111) + (-7210084)/(-24) + (-1)/6 prime?
False
Let t(x) = -x**2 - 12*x - 9. Let l be t(-11). Suppose -5*s - 3*w + 29605 = l*w, -17751 = -3*s + 3*w. Is s prime?
False
Let t(p) = 643*p - 3024. Is t(73) a composite number?
True
Let a be 16/(-3)*90/60. Is ((-5686)/a)/(23/92) a composite number?
False
Suppose 3*z + 51 = 6*z. Let p(a) = -a**2 - a - 1. Let r(h) = -h**3 + 12*h**2 - 22*h - 38. Let d(b) = 4*p(b) - r(b). Is d(z) prime?
False
Let l be (1/1)/((-1)/(-2)). Suppose l*n + 280 = -312. Let f = n + 1087. Is f a prime number?
False
Let y be (-108)/(-21) - 7/49. Suppose y*j = 30248 - 11773. Is j prime?
False
Let n = -60508 + 115851. Is n prime?
True
Let q be ((-2)/3*-63)/2. Let h be q/(-14)*(-56)/3. Suppose 3*g - 133 = -h. Is g a prime number?
False
Let b = 13241 - -5420. Is b prime?
True
Suppose -5*t + 4*q + 8 = 0, 4 = -7*t + 2*t - 2*q. Suppose d - 5 = 0, t = 5*x - d + 6*d - 35. Is 14300/15 - 0 - x/6 a composite number?
False
Let m(k) = 224*k**3 + 44*k**2 + 60*k - 1. Is m(6) a prime number?
False
Suppose 0 = -3*p + 15, 4*g + 5*p = p + 17092. Suppose 3*f + 65 = g. Suppose 5*k + 3*q - f = 3626, 5*k - 5035 = -5*q. Is k prime?
False
Suppose 6293 + 75197 = 3*u + b, 0 = b - 1. Is u composite?
True
Is 2*(-9)/(306/(-1197191)) prime?
True
Suppose 11*i - 8*i = 111. Let k = i + -33. Suppose k*f - 1036 = 936. Is f composite?
True
Let h(n) = -2*n**3 + 55*n**2 - 29*n + 53. Let a be h(27). Is (a*(-3)/6)/((-12)/(-377016)) composite?
True
Let y(t) = 5*t + 38. Let u be y(-7). Let x be (1488/5)/(u - (-86)/(-30)). Let r = x - 1541. Is r a composite number?
False
Let h(a) = -a**2 + 5*a + 7. Let m be h(7). Let x(w) = w**3 + 8*w**2 + 4*w - 5. Let y be x(m). Is y/72 - (-14223)/27 a composite number?
True
Let m(x) = 22*x - 300. Let q be m(13). Is -1*1*(q + 6 + -42093) a prime number?
True
Suppose -4*y - 3*t - 27 = 0, 3*y + t = 4*t + 6. Let v be (-3374)/(((-155)/(-30))/31). Is (2/y)/(8/v) a prime number?
False
Let m = 246148 - 123381. Is m a composite number?
True
Suppose 778 = -21*w + 22*w - 583. Is w composite?
False
Let n be (-668 - -9)/((-1)/(0 + 1)). Suppose -g - 4*a = n - 1622, -4*g + a + 3818 = 0. Is g composite?
True
Let m = 7614654 - 5190703. Is m a prime number?
True
Suppose -21*c + 260192 = -26311. Is c a composite number?
True
Let d(p) = -142925*p - 784. Is d(-1) a composite number?
True
Let h(q) = -17*q**3 + 9*q**2 - 7*q - 49. Let c = -740 + 734. Is h(c) prime?
True
Suppose -5770 = -9*o + 719. Suppose -128 = -u + 20. Let z = o + u. Is z a prime number?
False
Let b be ((-6)/(-18) - (-254)/30)*415. Suppose -19*g + 15*g = -b. Is g a composite number?
True
Is (123/(-328))/((-3)/3189016) prime?
True
Let r = -34 + 32. Let f be 953 - (6/3)/r. Suppose -3*u + f = 21. Is u prime?
True
Suppose -11*d = -37*d + 7358. Let c = d + 304. Is c prime?
True
Let z(x) = -x**2 + 30*x - 29. Let f be z(29). Suppose 3*s - 4936 - 1451 = f. Is s a composite number?
False
Suppose -5*m + 2*x + 27056 = -27095, -32487 = -3*m + 3*x. Is m composite?
False
Is (16/(-14) - (-3943904)/(-448))*-46 a prime number?
False
Let c(k) = k**2 + 13*k + 25. Let d be c(-13). Let t(h) = -h**3 + 25*h**2 + 5. Let g be t(d). Suppose -2*y = y - 2*v - 1151, 5*y = g*v + 1925. Is y composite?
True
Let x be 2/(-2 - 10) + (-387)/(-54). Suppose 0 = x*h - h - 4236. Suppose -5*g + 2*f = -2*f - h, 4*g + 2*f - 570 = 0. Is g composite?
True
Let g(o) = -4*o**3 + 4*o + 3. Let u = 11 + -12. Let j be g(u). Suppose j*b - 275 = -2*b. Is b a composite number?
True
Let w = -1081 + -205. Suppose 0 = -2*h + 1834 + 2956. Let u = w + h. Is u composite?
False
Let j(x) = 3*x - 53. Let n be j(20). Suppose 0 = -4*w + n*w - 5118. Is w a composite number?
True
Suppose -22*t - 115*t = 41*t - 13721842. Is t prime?
False
Suppose -6121 = -8*s + 3799. Let w = s + -605. Is w composite?
True
Let r = -806 - -1217. Suppose -4*n + r = -913. Is n a prime number?
True
Suppose -5*r - u = 264 + 358, 4*r + 3*u = -502. Let f be -3*r/12 + -1. Is 3414/10 - 12/f prime?
False
Let d = -4 + 9. Suppose s + 4*c - 13 = -1, -9 = s - 3*c. Suppose -3*q + 2487 = 3*f - 102, f + d*q - 879 = s. Is f a prime number?
True
Let m(b) be the third derivative of b**6/60 - 7*b**5/15 - 21*b**4/8 + 37*b**3/3 + 203*b**2. Is m(23) a composite number?
False
Suppose -3*s = -7*s - 12132. Let i = 7415 + -2503. Let r = i + s. Is r composite?
False
Suppose -28*b = -22*b - 12. Suppose b*n = 3*s - s + 8, -3 = -3*s. Suppose p - 3177 = -n*w, -8*p - 1260 = -2*w - 3*p. Is w a prime number?
False
Suppose 4*x - m - 333272 = -87431, 2*x - 122933 = 3*m. Is x a prime number?
False
Let y be 2/3*150/20. Suppose -y*k + 18695 = -27500. Is k prime?
True
Let z(g) = -g - 21 - 58*g**2 + 95*g**2 + 2*g + 2*g. Is z(4) a prime number?
False
Let c = 0 + 3. Suppose d - c*w - 18 = -8*w, 2*w = -4*d + 18. Suppose -3*y + 795 = 5*k, k + 159 = 2*k + d*y. Is k prime?
False
Let o(a) = -122*a - 10. Let q be o(2). Let r = q - -1735. Is r a composite number?
False
Let k(b) = b**3 + 19*b**2 + 19*b + 11. Let a(v) = -v**2 - 8*v + 2. Let y be a(-10). Let r be k(y). Is 373 - (r - -7)/((-4)/(-2)) a prime number?
True
Let v = 6570 - -1304. Let q = v + -811. Is q composite?
True
Is ((-18)/(-90))/((-4)/42 - 10293422/(-108080490)) a composite number?
False
Suppose -1565574 = -55*y + 279230 + 1764461. Is y a prime number?
False
Let w be -1*1 + (-6 - -11 - 18). Let k be (-1)/((-2 + w/(-6))/(-5)). Is (-5)/(207/(-505) - 